be 50/(-14) - (0 + 30/70). Let f(u) = -u**2 - 3*u - 1. Give f(w).
-5
Let a(o) be the second derivative of o**5/20 + 5*o**4/12 - 2*o**3/3 - 3*o**2 - o + 257. Calculate a(-5).
14
Let h(w) = w + 4. Let r(s) = -s**2 - 14*s - 16. Let q be r(-12). Give h(q).
12
Suppose -l = -1, -13*l = 3*j - 16*l + 12. Let u(y) = -2*y**3 - 2*y**2 + 5*y. Let g(p) = p**3 + p**2 - p + 1. Let o(h) = g(h) + u(h). Give o(j).
7
Let t(s) = 8*s**2 + 26*s - 18*s + 2 - 7*s**2. Let c be (3 - 7) + 7 + -10. Give t(c).
-5
Suppose -2*j + 8*q + 83 = 3*q, 12 = -4*q. Let o(y) = 4*y - y**2 - 5 - 35*y**3 - 3*y**2 + j*y**3. Determine o(-5).
0
Let f be ((-4)/3)/(2/(-3)). Let s(j) = -2*j + 3*j + 5 + f*j - 11. Give s(5).
9
Let y(a) be the second derivative of -a**3/6 + 3*a**2/2 - 74*a. Let l(v) = v**3 - 10*v**2 + 2*v - 15. Let t be l(10). Determine y(t).
-2
Let v(r) = -4*r**2 + 2*r + 1. Let m be 40/4*2/(-4). Let p = -3 - m. Let u be ((-7)/(-14))/((-1)/p). What is v(u)?
-5
Let z(m) be the second derivative of -2*m**3/3 - 5*m**2/2 - 5*m. Let x(f) = -5*f**2 + 36*f + 36. Let k be x(8). Determine z(k).
-21
Let r = -54 + 95. Let z = 46 - r. Let w(j) = j**3 - 6*j**2 + 5*j - 3. Give w(z).
-3
Suppose 2*b = 4, 4*b - 14 = -v - 8. Let a(q) = 2*q**2 - 3*q - 2. What is a(v)?
12
Let y(n) = -n - 4. Let q(t) = -t + 1. Let a(r) = 3*q(r) - y(r). Suppose 0 = 2*s + v - 37, 5 = -4*s + 5*v + 44. Let m be (20/s)/(1/4). Give a(m).
-3
Let s be (-54)/(-8) + (9 - (-35)/(-4)). Let b(r) be the second derivative of r**3/2 - 5*r**2 - r. Determine b(s).
11
Suppose 3*o - 6 = -129*t + 127*t, -2*t = 4*o - 6. Let l(c) be the second derivative of -5*c + 0 + 1/6*c**t + 0*c**2. What is l(-5)?
-5
Suppose -2*i + 2 = -2*q, i - q = -3*i + 7. Suppose -i*r = 2*n - 8, -n + 5*r - 7 - 13 = 0. Let a(y) = 1 - 8 + 10*y + y**3 - y**2 - 32*y + 21*y. Give a(n).
-7
Let q(r) be the third derivative of 0 + 4*r**2 + 1/6*r**3 - 1/24*r**4 + 0*r. Let b be -2 - ((-1)/(-3))/(12/36). Give q(b).
4
Let c(d) = 3*d + 3. Let a be c(3). Let y = a - 9. Let h(r) = 5*r + 2*r**2 - 3*r**2 - 4 + 3 - 2*r. Determine h(y).
-1
Let g(f) = -3*f - 3. Let o(l) = -1. Let m(u) = g(u) + 2*o(u). Let j(s) = s + 2. Let v(t) = 11*j(t) + 4*m(t). Give v(2).
0
Let s(q) = q**2 - 12*q + 18. Let t be 4 - 110/(-20) - (-12)/8. Calculate s(t).
7
Let q(o) = 12*o**2 + 7*o - 5. Let c(a) = -25*a**2 - 12*a + 9. Let t(r) = -4*c(r) - 7*q(r). Give t(-1).
16
Suppose -284 = -5*l - 264. Let a(u) = -u**3 + 5*u**2 - 6*u + 6. Calculate a(l).
-2
Let n(c) = c**2 - c + 9. Suppose -22 + 2 = 5*i, 5*z = -3*i - 12. Determine n(z).
9
Let b = 4 - 1. Suppose 0 = -k + b + 3. Let w(s) be the second derivative of s**4/12 - 7*s**3/6 + 3*s**2/2 + 93*s + 2. Determine w(k).
-3
Let v = -11 - -15. Suppose r - 2 = -v. Let q(z) = 2*z + 3. Let x(c) = c + 1. Let o(a) = -q(a) + x(a). Calculate o(r).
0
Let f(n) = -n**2 - 8*n - 3. Let c be 1/((-27)/(-6)) + 306/81. Suppose -3*v - c*q - 24 = -7*q, 0 = -2*v - 2*q - 12. Give f(v).
4
Let w(j) be the first derivative of -j**4/4 - 5*j**3/3 + 3*j**2/2 + 7*j - 4. Let a(m) = -21*m - 615. Let d be a(-29). What is w(d)?
25
Let r(p) be the first derivative of -p**3/3 + 3*p**2 + 7*p + 1. Suppose 0 = 10*a - 10 - 10. Suppose 0 = -6*q + 10*q - a*m - 26, 0 = -q - 3*m + 3. What is r(q)?
7
Let u(b) = -b + 2. Let l be (-335)/469 + (-60)/14. Calculate u(l).
7
Let j(t) = 22 - 23 + 25*t**2 - 2*t**3 - 24*t**2 - 4*t. Give j(2).
-21
Let s(o) = -o**2 + 9*o - 6. Let k = 206 - 198. Determine s(k).
2
Let t(p) be the second derivative of -p**4/12 - 2*p**3/3 - p. Suppose 0 = -2*s - l + 11, -1 = 17*s - 14*s - 2*l. Give t(s).
-21
Let u(h) = -3*h**3 - 2*h**2 + h - 6. Let v(x) = -x**3 - x**2 - 1. Let o(s) = -u(s) + 2*v(s). Let a(k) = k**2 + 73*k + 1119. Let b be a(-51). Calculate o(b).
-20
Let b(t) be the first derivative of t**4/4 + 4*t**3 + 11*t**2/2 + 11*t - 164. What is b(-11)?
11
Let w(j) = j**3 + 6*j**2 - j + 4. Let q = -126 + 62. Let m be (6/8)/(8/q). Give w(m).
10
Let c(g) be the second derivative of g**4/12 + 11*g**3/6 - 13*g**2/2 + 262*g. Determine c(-11).
-13
Let t(n) = -n**3 - 8*n**2 + 7*n + 2. Let d be ((-2)/4)/((-3)/(-18)) - 8. Let k(r) = -2*r**3 - 16*r**2 + 13*r + 5. Let i(v) = d*t(v) + 6*k(v). Give i(-8).
0
Let c(o) = o. Let p(k) = 2*k + 17. Let h(w) = 3*c(w) + p(w). Let s(a) = 4*a + 16. Let i(b) = 3*h(b) - 4*s(b). What is i(-8)?
-5
Suppose 46*j - 56*j + 50 = 0. Let n(y) be the first derivative of -1/2*y**2 + 1 - j*y. What is n(5)?
-10
Let a(v) = v**3 - 2*v**2 + 3*v - 3. Let x be a(1). Let q(h) = -16*h**3 - 2*h**2 - 2*h - 1. Determine q(x).
15
Let s(b) = b**3 - 5*b**2 + b - 1. Let y(c) = c**2 - 3*c + 4. Let p be y(3). Let x be s(p). Let d = x - -18. Let r(h) = h + 7. Give r(d).
12
Let g be 9/(27/(-22))*(-6)/4. Suppose 2*b = g*b - 45. Let o(d) = d**2 - 7*d + 5. Determine o(b).
-5
Let n(v) be the second derivative of 0*v**2 + 1/2*v**3 + 0 + 1/180*v**6 - 1/12*v**4 - v - 1/120*v**5. Let o(p) be the second derivative of n(p). Calculate o(2).
4
Let s(z) = -4 + 16*z**2 - 15*z**2 - 1. Let w = -6 - -10. Suppose -3*d = 5*b + 10, d = -4*d - 2*b - w. Calculate s(d).
-5
Let b(n) = -n**3 - 9*n**2 - n - 4. Let m = 30 - 39. What is b(m)?
5
Let u(k) = -41*k**2 + 13*k - 79. Let o(n) = -19*n**2 + 7*n - 38. Let i(t) = -13*o(t) + 6*u(t). What is i(12)?
8
Let g(p) be the first derivative of -p**2 - 1/3*p**3 + 3*p - 15. Determine g(-4).
-5
Let d = -1832 + 1826. Let t(n) = -4*n - 19. Calculate t(d).
5
Let w(a) = 5*a - 3 + 2 - 3*a. Let i = 113 + -115. Determine w(i).
-5
Let f(q) be the first derivative of q**4/4 + 8*q**3/3 - 9*q**2/2 - q - 138. Calculate f(-8).
71
Let s(d) be the second derivative of -d**3/6 - 5*d**2/2 - d. Suppose 0 = -3*g - 2*q + 2, 144*q - 140*q - 4 = -4*g. What is s(g)?
-5
Let s(g) = 12 + g - 10*g + g**2 - 10. Let u be s(8). Let r(j) = j**3 + 5*j**2 - 9*j - 3. Give r(u).
15
Let h(i) = -3 + 37*i + 5 - 36*i. Let q(d) = 2*d + 8. Let p be q(-5). What is h(p)?
0
Let h(r) = -4 - 59*r - 54*r + r**2 + 105*r. Calculate h(6).
-16
Let q(f) = -2*f + 2. Let k = -212 + 221. Determine q(k).
-16
Suppose -13 = 4*q - 33. Let h(c) = -c**3 + 4*c**2 + 4*c + 7. Determine h(q).
2
Let g(n) = -n**2 + 2 + n**3 - 6 + 0*n**2. Let y be 7*(-48)/(-56) + -6. What is g(y)?
-4
Let v(t) = -2 + 17 - 4*t - 14 + 2*t. Determine v(-4).
9
Let t(u) be the third derivative of 0*u - 1/6*u**3 + 1/60*u**5 - 19*u**2 + 0*u**4 + 0 - 1/20*u**6. Calculate t(1).
-6
Let w(y) be the first derivative of y**4/4 + y**3 - y**2/2 - 2*y + 99. What is w(2)?
16
Let q(g) = -2*g**2 + 19*g + 12. Let z be -5 + 9 + 10 - (3 + 1). Calculate q(z).
2
Let b(j) = -3 + 3 - 6*j. Let w(s) = -7*s + 1. Let y(r) = -6*b(r) + 5*w(r). Suppose 5*q - 2*d = -5*d - 19, d = 2. Determine y(q).
0
Let d(m) = m**2 + 18*m - 35. Let i be d(-20). Suppose -5*c + 5 = -5. Let v(u) = 1 - i - c*u**2 - 4*u + u**2. Calculate v(-3).
-1
Let s(t) = -t**3 + 10*t**2 + 11*t - 10. Let c(b) = -b**2 + 21*b - 43. Let r be c(3). Calculate s(r).
-10
Let c(q) = -65 - 66 + 4*q + 133. Let u be (-1)/4 + (-14)/8. Determine c(u).
-6
Let k(p) = -2*p + 1. Let l(q) = -6*q - 4. Let i(v) = -k(v) + l(v). Let n be i(-1). Let y(a) = 11*a - 1. What is y(n)?
-12
Let c(y) = -30*y**3 - 10*y**2 - 10*y - 5. Let z(d) = -6*d**3 - 2*d**2 - 2*d - 1. Let w(k) = 2*c(k) - 11*z(k). Let m = -1063 + 1062. Give w(m).
-5
Let p(d) = 4*d - 8. Suppose 5*a - 2*y = 15, 6*y - 2*y = 3*a + 5. Give p(a).
12
Let n(s) = s**3 - s + 6. Let c be n(0). Let g(w) be the second derivative of -w**3/6 + w**2 + 67*w. Give g(c).
-4
Let c be 1/(-5) + 48/(-10). Let l = c + 7. Let r be -1 + 1 + -2 + l. Let t(q) = -q**3 + q**2 + q. What is t(r)?
0
Let d(n) = -2*n**2 + 2*n - 2. Let l be d(2). Suppose -5*g = 3*s - 1, -3*s - 6 + 3 = 3*g. Let f(z) = 3 - 12 + 5 - g*z. What is f(l)?
8
Let m(r) = 9*r**3 + r**2 + 35*r - 8. Let f(s) = 11*s**3 + s**2 + 40*s - 9. Let a(d) = 5*f(d) - 6*m(d). Calculate a(4).
11
Let x(v) be the third derivative of -v**4/8 + v**3/2 - 100*v**2 - 5*v. Give x(-9).
30
Let x(z) = -8*z - 2. Let u(w) = 2*w**2 + 3*w. Let o be u(-2). Let g be -1 + ((-32)/28)/((-2)/7). Let m be -2 + g + (-6)/o. Determine x(m).
14
Suppose -5*m + 0*u + 26 = -2*u, 0 = -4*m + 4*u + 28. Let z be (-2)/m + (-25)/10. Let g(s) = s**2 - s - 4. What is g(z)?
8
Let u(l) be the first derivative of -l**3/3 - 6*l**2 - 13*l + 220. Calculate u(-10).
7
Let j(l) be the second derivative of l*